{"id":104,"date":"2025-05-26T22:06:27","date_gmt":"2025-05-26T19:06:27","guid":{"rendered":"https:\/\/izmirtente.info\/?page_id=104"},"modified":"2025-05-26T23:59:29","modified_gmt":"2025-05-26T20:59:29","slug":"hakkimizda","status":"publish","type":"page","link":"https:\/\/izmirtente.info\/index.php\/hakkimizda\/","title":{"rendered":"Hakk\u0131m\u0131zda"},"content":{"rendered":"\t\t<div data-elementor-type=\"wp-page\" data-elementor-id=\"104\" class=\"elementor elementor-104\" data-elementor-post-type=\"page\">\n\t\t\t\t<div class=\"elementor-element elementor-element-25496410 e-flex e-con-boxed e-con e-parent\" data-id=\"25496410\" data-element_type=\"container\" data-settings=\"{&quot;background_background&quot;:&quot;classic&quot;}\">\n\t\t\t\t\t<div class=\"e-con-inner\">\n\t\t<div class=\"elementor-element elementor-element-dd6dc8b e-con-full e-flex e-con e-child\" data-id=\"dd6dc8b\" data-element_type=\"container\">\n\t\t\t\t<div class=\"elementor-element elementor-element-2db6ea7e elementor-widget elementor-widget-heading\" data-id=\"2db6ea7e\" data-element_type=\"widget\" data-widget_type=\"heading.default\">\n\t\t\t\t<div class=\"elementor-widget-container\">\n\t\t\t\t\t<h1 class=\"elementor-heading-title elementor-size-default\">Hakk\u0131m\u0131zda<\/h1>\t\t\t\t<\/div>\n\t\t\t\t<\/div>\n\t\t\t\t<\/div>\n\t\t\t\t\t<\/div>\n\t\t\t\t<\/div>\n\t\t<div class=\"elementor-element elementor-element-5936d3c8 e-con-full e-flex e-con e-parent\" data-id=\"5936d3c8\" data-element_type=\"container\" data-settings=\"{&quot;background_background&quot;:&quot;classic&quot;}\">\n\t\t<div class=\"elementor-element elementor-element-6fe0371 e-con-full e-flex elementor-invisible e-con e-child\" data-id=\"6fe0371\" data-element_type=\"container\" data-settings=\"{&quot;animation&quot;:&quot;fadeInLeft&quot;}\">\n\t\t\t\t<div class=\"elementor-element elementor-element-481a1d62 elementor-widget elementor-widget-heading\" data-id=\"481a1d62\" data-element_type=\"widget\" data-widget_type=\"heading.default\">\n\t\t\t\t<div class=\"elementor-widget-container\">\n\t\t\t\t\t<h2 class=\"elementor-heading-title elementor-size-default\">Ata Tente\n<\/h2>\t\t\t\t<\/div>\n\t\t\t\t<\/div>\n\t\t\t\t<div class=\"elementor-element elementor-element-1b31858a elementor-widget elementor-widget-heading\" data-id=\"1b31858a\" data-element_type=\"widget\" data-widget_type=\"heading.default\">\n\t\t\t\t<div class=\"elementor-widget-container\">\n\t\t\t\t\t<div class=\"elementor-heading-title elementor-size-default\">Her m\u00fc\u015fteri bizim i\u00e7in \u00f6zeldir ve m\u00fc\u015fteri memnuniyeti, her\u015feyden \u00f6nceliklidir. M\u00fc\u015fterilerimizin \u00e7\u00f6z\u00fcm orta\u011f\u0131 ve do\u011fal dan\u0131\u015fman\u0131 olarak, onlar\u0131 daha y\u00fcksek d\u00fczeyde memnun etmek i\u00e7in, beklentilerini en ekonomik ve h\u0131zl\u0131 bi\u00e7imde kar\u015f\u0131layarak m\u00fckemmel \u00fcr\u00fcn ve hizmet sunmak birincil g\u00f6revimizdir. Kalite, ki\u015fisel ve kurumsal geli\u015fimimiz i\u00e7in ya\u015fam\u0131m\u0131z\u0131n vazge\u00e7ilmez bir unsuru ve \u015firket k\u00fclt\u00fcr\u00fcm\u00fcz\u00fcn en \u00f6nemli de\u011feridir. Kalitemiz hakk\u0131ndaki \u00f6l\u00e7\u00fct\u00fc m\u00fc\u015fterilerimiz saptamaktad\u0131r. \u00dcr\u00fcn ve hizmetlerimiz ile ilgili m\u00fc\u015fteri g\u00f6r\u00fc\u015f ve \u00f6nerileri ba\u011flay\u0131c\u0131d\u0131r.<\/div>\t\t\t\t<\/div>\n\t\t\t\t<\/div>\n\t\t\t\t<div class=\"elementor-element elementor-element-29682d34 elementor-view-stacked elementor-shape-square elementor-position-left elementor-mobile-position-left elementor-vertical-align-top elementor-widget elementor-widget-icon-box\" data-id=\"29682d34\" data-element_type=\"widget\" data-widget_type=\"icon-box.default\">\n\t\t\t\t<div class=\"elementor-widget-container\">\n\t\t\t\t\t\t\t<div class=\"elementor-icon-box-wrapper\">\n\n\t\t\t\t\t\t<div class=\"elementor-icon-box-icon\">\n\t\t\t\t<span  class=\"elementor-icon\">\n\t\t\t\t<i aria-hidden=\"true\" class=\"icon icon-tools\"><\/i>\t\t\t\t<\/span>\n\t\t\t<\/div>\n\t\t\t\n\t\t\t\t\t\t<div class=\"elementor-icon-box-content\">\n\n\t\t\t\t\t\t\t\t\t<div class=\"elementor-icon-box-title\">\n\t\t\t\t\t\t<span  >\n\t\t\t\t\t\t\tH\u0131zl\u0131 kurulum\t\t\t\t\t\t<\/span>\n\t\t\t\t\t<\/div>\n\t\t\t\t\n\t\t\t\t\n\t\t\t<\/div>\n\t\t\t\n\t\t<\/div>\n\t\t\t\t\t\t<\/div>\n\t\t\t\t<\/div>\n\t\t\t\t<div class=\"elementor-element elementor-element-53cff427 elementor-view-stacked elementor-shape-square elementor-position-left elementor-mobile-position-left elementor-vertical-align-top elementor-widget elementor-widget-icon-box\" data-id=\"53cff427\" data-element_type=\"widget\" data-widget_type=\"icon-box.default\">\n\t\t\t\t<div class=\"elementor-widget-container\">\n\t\t\t\t\t\t\t<div class=\"elementor-icon-box-wrapper\">\n\n\t\t\t\t\t\t<div class=\"elementor-icon-box-icon\">\n\t\t\t\t<span  class=\"elementor-icon\">\n\t\t\t\t<i aria-hidden=\"true\" class=\"icon icon-energy-saving\"><\/i>\t\t\t\t<\/span>\n\t\t\t<\/div>\n\t\t\t\n\t\t\t\t\t\t<div class=\"elementor-icon-box-content\">\n\n\t\t\t\t\t\t\t\t\t<div class=\"elementor-icon-box-title\">\n\t\t\t\t\t\t<span  >\n\t\t\t\t\t\t\tDayan\u0131kl\u0131\t\t\t\t\t\t<\/span>\n\t\t\t\t\t<\/div>\n\t\t\t\t\n\t\t\t\t\n\t\t\t<\/div>\n\t\t\t\n\t\t<\/div>\n\t\t\t\t\t\t<\/div>\n\t\t\t\t<\/div>\n\t\t\t\t<div class=\"elementor-element elementor-element-706c496b elementor-view-stacked elementor-shape-square elementor-position-left elementor-mobile-position-left elementor-vertical-align-top elementor-widget elementor-widget-icon-box\" data-id=\"706c496b\" data-element_type=\"widget\" data-widget_type=\"icon-box.default\">\n\t\t\t\t<div class=\"elementor-widget-container\">\n\t\t\t\t\t\t\t<div class=\"elementor-icon-box-wrapper\">\n\n\t\t\t\t\t\t<div class=\"elementor-icon-box-icon\">\n\t\t\t\t<span  class=\"elementor-icon\">\n\t\t\t\t<i aria-hidden=\"true\" class=\"icon icon-Design-3\"><\/i>\t\t\t\t<\/span>\n\t\t\t<\/div>\n\t\t\t\n\t\t\t\t\t\t<div class=\"elementor-icon-box-content\">\n\n\t\t\t\t\t\t\t\t\t<div class=\"elementor-icon-box-title\">\n\t\t\t\t\t\t<span  >\n\t\t\t\t\t\t\tKaliteli kuma\u015f\t\t\t\t\t\t<\/span>\n\t\t\t\t\t<\/div>\n\t\t\t\t\n\t\t\t\t\n\t\t\t<\/div>\n\t\t\t\n\t\t<\/div>\n\t\t\t\t\t\t<\/div>\n\t\t\t\t<\/div>\n\t\t\t\t<\/div>\n\t\t<div class=\"elementor-element elementor-element-648895a0 e-con-full e-flex elementor-invisible e-con e-child\" data-id=\"648895a0\" data-element_type=\"container\" data-settings=\"{&quot;animation&quot;:&quot;fadeInRight&quot;}\">\n\t\t\t\t<div class=\"elementor-element elementor-element-3dc18186 elementor-widget elementor-widget-image\" data-id=\"3dc18186\" data-element_type=\"widget\" data-widget_type=\"image.default\">\n\t\t\t\t<div class=\"elementor-widget-container\">\n\t\t\t\t\t\t\t\t\t\t\t\t\t\t\t<img fetchpriority=\"high\" decoding=\"async\" width=\"1242\" height=\"1042\" src=\"https:\/\/izmirtente.info\/wp-content\/uploads\/2025\/05\/17.jpeg\" class=\"attachment-full size-full wp-image-109\" alt=\"\" srcset=\"https:\/\/izmirtente.info\/wp-content\/uploads\/2025\/05\/17.jpeg 1242w, https:\/\/izmirtente.info\/wp-content\/uploads\/2025\/05\/17-300x252.jpeg 300w, https:\/\/izmirtente.info\/wp-content\/uploads\/2025\/05\/17-1024x859.jpeg 1024w, https:\/\/izmirtente.info\/wp-content\/uploads\/2025\/05\/17-768x644.jpeg 768w\" sizes=\"(max-width: 1242px) 100vw, 1242px\" \/>\t\t\t\t\t\t\t\t\t\t\t\t\t\t\t<\/div>\n\t\t\t\t<\/div>\n\t\t\t\t<\/div>\n\t\t\t\t<\/div>\n\t\t<div class=\"elementor-element elementor-element-177c62c4 e-flex e-con-boxed e-con e-parent\" data-id=\"177c62c4\" data-element_type=\"container\" data-settings=\"{&quot;background_background&quot;:&quot;classic&quot;}\">\n\t\t\t\t\t<div class=\"e-con-inner\">\n\t\t<div class=\"elementor-element elementor-element-5d844316 e-flex e-con-boxed elementor-invisible e-con e-child\" data-id=\"5d844316\" data-element_type=\"container\" data-settings=\"{&quot;animation&quot;:&quot;fadeInDown&quot;}\">\n\t\t\t\t\t<div class=\"e-con-inner\">\n\t\t\t\t<div class=\"elementor-element elementor-element-114ff164 elementor-widget elementor-widget-heading\" data-id=\"114ff164\" data-element_type=\"widget\" data-widget_type=\"heading.default\">\n\t\t\t\t<div class=\"elementor-widget-container\">\n\t\t\t\t\t<h6 class=\"elementor-heading-title elementor-size-default\">Our value<\/h6>\t\t\t\t<\/div>\n\t\t\t\t<\/div>\n\t\t\t\t<div class=\"elementor-element elementor-element-382b0a3f elementor-widget elementor-widget-text-editor\" data-id=\"382b0a3f\" data-element_type=\"widget\" data-widget_type=\"text-editor.default\">\n\t\t\t\t<div class=\"elementor-widget-container\">\n\t\t\t\t\t\t\t\t\t<h4><span style=\"color: #ffffff;\"><strong>Uygun fiyat ve d\u00fcr\u00fcst \u00e7al\u0131\u015fmay\u0131 kendine ilke edinmi\u015f olan firmam\u0131z, sorun ve taleplerinize en kolay, en do\u011fru ve h\u0131zl\u0131 \u00e7\u00f6z\u00fcmler \u00fcreterek sat\u0131\u015f ve sat\u0131\u015f sonras\u0131 hizmette de sizleri zor durumda b\u0131rakmayacak \u015fekilde \u00e7al\u0131\u015fmaktad\u0131r.<\/strong><\/span><\/h4><h4><span style=\"color: #ffffff;\"><strong>\u00dcr\u00fcnlerimiz, \u00e7\u00f6z\u00fcmlerimiz, sat\u0131\u015f sonras\u0131 hizmetlerimizle sa\u011flad\u0131\u011f\u0131m\u0131z g\u00fcvenirlik ve y\u00fcksek i\u015f ahlak\u0131m\u0131z ile m\u00fc\u015fterilerin ilk tercihi olarak, \u00e7al\u0131\u015fanlar\u0131m\u0131z ve m\u00fc\u015fterilerimiz i\u00e7in de\u011fer yaratan bir \u015firket olmak yegane hedefimizdir.<\/strong><\/span><\/h4>\t\t\t\t\t\t\t\t<\/div>\n\t\t\t\t<\/div>\n\t\t\t\t\t<\/div>\n\t\t\t\t<\/div>\n\t\t\t\t\t<\/div>\n\t\t\t\t<\/div>\n\t\t\t\t<\/div>\n\t\t","protected":false},"excerpt":{"rendered":"<p>Ata Tente Her m\u00fc\u015fteri bizim i\u00e7in \u00f6zeldir ve m\u00fc\u015fteri memnuniyeti, her\u015feyden \u00f6nceliklidir. M\u00fc\u015fterilerimizin \u00e7\u00f6z\u00fcm orta\u011f\u0131 ve do\u011fal dan\u0131\u015fman\u0131 olarak, onlar\u0131 daha y\u00fcksek d\u00fczeyde memnun etmek i\u00e7in, beklentilerini en ekonomik ve h\u0131zl\u0131 bi\u00e7imde kar\u015f\u0131layarak m\u00fckemmel \u00fcr\u00fcn ve hizmet sunmak birincil g\u00f6revimizdir. Kalite, ki\u015fisel ve kurumsal geli\u015fimimiz i\u00e7in ya\u015fam\u0131m\u0131z\u0131n vazge\u00e7ilmez bir unsuru ve \u015firket k\u00fclt\u00fcr\u00fcm\u00fcz\u00fcn en \u00f6nemli [&hellip;]<\/p>\n","protected":false},"author":1,"featured_media":0,"parent":0,"menu_order":0,"comment_status":"closed","ping_status":"closed","template":"elementor_header_footer","meta":{"footnotes":""},"class_list":["post-104","page","type-page","status-publish","hentry"],"_links":{"self":[{"href":"https:\/\/izmirtente.info\/index.php\/wp-json\/wp\/v2\/pages\/104","targetHints":{"allow":["GET"]}}],"collection":[{"href":"https:\/\/izmirtente.info\/index.php\/wp-json\/wp\/v2\/pages"}],"about":[{"href":"https:\/\/izmirtente.info\/index.php\/wp-json\/wp\/v2\/types\/page"}],"author":[{"embeddable":true,"href":"https:\/\/izmirtente.info\/index.php\/wp-json\/wp\/v2\/users\/1"}],"replies":[{"embeddable":true,"href":"https:\/\/izmirtente.info\/index.php\/wp-json\/wp\/v2\/comments?post=104"}],"version-history":[{"count":10,"href":"https:\/\/izmirtente.info\/index.php\/wp-json\/wp\/v2\/pages\/104\/revisions"}],"predecessor-version":[{"id":155,"href":"https:\/\/izmirtente.info\/index.php\/wp-json\/wp\/v2\/pages\/104\/revisions\/155"}],"wp:attachment":[{"href":"https:\/\/izmirtente.info\/index.php\/wp-json\/wp\/v2\/media?parent=104"}],"curies":[{"name":"wp","href":"https:\/\/api.w.org\/{rel}","templated":true}]}}